ommon divisor of d and 27.
9
Suppose 3*g + 4*g = -28. Let s be -72*((-14)/g)/(-7). Let j be ((-3)/5*12)/(6/(-40)). What is the greatest common factor of s and j?
12
Let r be 432/(-44) + 10/(-55). Let h(k) be the first derivative of -k**3/3 - 7*k**2 + 8*k - 13. Let m be h(r). Calculate the highest common divisor of m and 6.
6
Suppose 90 + 2232 = 2*a - 2*c, 3*a - 3479 = -c. Let q = -810 + a. Calculate the greatest common factor of q and 25.
25
Let x(i) = i**2 + 31*i - 14. Let n be x(-32). Suppose -3*s = 2*o - 40, s + 0 - n = -3*o. What is the greatest common factor of s and 174?
6
Suppose 0 = 4*a + 2*k + 44, -9*k + 22 = -2*a - 7*k. Let z be a - 1750/(-15) - 2/3. What is the highest common divisor of z and 84?
21
Let v be 12/(-24) - (-3)/(-6). Let x(s) = 40*s**2 - 2*s - 1. Let r be x(v). What is the highest common divisor of r and 328?
41
Let o = -105 - -129. Let i(l) = l**3 + 6*l**2 + l - 1. Let c be i(-6). Let t(x) = -30*x + 6. Let f be t(c). What is the greatest common factor of f and o?
24
Let s be 9*4/108*9*1. Suppose -s*h - q = -h - 96, 3*h = 4*q + 144. What is the highest common divisor of h and 64?
16
Let v be (12 - -226 - 14)/1. What is the greatest common factor of 560 and v?
112
Suppose 4*d = -j + 524, -51*d + 49*d + 1602 = 3*j. Let p = j - 473. What is the highest common factor of p and 7?
7
Let z(y) = 14*y. Let c be z(-1). Let i be ((-10)/6)/(37/(-6) + 7). Let x be (11 + c)/(i/18). Calculate the highest common divisor of 54 and x.
27
Suppose -5*u + c = -2667, 5*u - 136 - 2546 = -4*c. What is the greatest common divisor of u and 623?
89
Suppose 3*y - 10 = 5, -4*t = -y - 787. Suppose -18*w + t + 360 = 0. Calculate the greatest common factor of w and 31.
31
Let s = -5412 + 5413. Calculate the greatest common divisor of 284 and s.
1
Suppose 0 = -77*q + 4857 - 3900 + 14597. What is the highest common factor of q and 2323?
101
Let d = 191 + -187. Suppose l + d*l = -2*c + 88, l + 5*c = 36. Calculate the highest common divisor of 112 and l.
16
Suppose 2*o + 0*n + n - 3 = 0, 1 = 4*o + 3*n. Let l be (o + 0)/(1*(-5)/(-180)). Suppose -4*b + 5*b = l. Calculate the greatest common divisor of b and 18.
18
Suppose 191*n + 38610 - 15795 = 204*n. What is the greatest common factor of n and 260?
65
Let j = -21034 + 40030. What is the highest common factor of 36 and j?
12
Let c(j) = -3*j**3 - 22*j**2 + 13*j - 4. Let z be c(-8). Let l = -26 - -33. Let a be l/(-21) + 602/6. What is the highest common divisor of a and z?
20
Let t(c) = 1044*c - 89. Let v be t(9). What is the highest common factor of 41 and v?
41
Let j be 4*((-21)/14)/((-3)/2). Let s be -3 + (6 - j)*2 - -29. What is the highest common factor of s and 15?
15
Suppose -11*r = 12 + 32. Let w = r - -38. Suppose -5*o + 2*b + 133 = -0*b, w = 2*o + 4*b. What is the highest common factor of o and 200?
25
Let s be 0/((-2)/(-1)) - -37. Let y be 21/8 + (-161150)/(-4688). Calculate the highest common divisor of s and y.
37
Suppose -2*v = 5*w - 315, w - 3*v - 36 = 2*v. What is the greatest common factor of w and 3599?
61
Let a be (1/2)/((-7)/(-126)). Let z = 225 + -855. Let l = z + 711. Calculate the greatest common factor of l and a.
9
Suppose 2*m - 3*m = c - 15, -m = 5*c + 5. Suppose 0 = 2*a - 4*a - 14. Let s = 15 + a. What is the greatest common divisor of m and s?
4
Let s = 9390 - 9384. What is the highest common factor of 246 and s?
6
Let t be (-5)/(435/(-27) + 16). What is the greatest common factor of 1875 and t?
15
Let p(s) = 3*s**3 + 72*s**2 + 55*s - 87. Let m be p(-23). Calculate the highest common divisor of m and 1222.
47
Let j be (-80)/48 + (-310)/(-6). Suppose j = 3*v + 2*v + 2*u, -2*v + 29 = -u. Calculate the highest common factor of v and 2.
2
Let c(i) = i**2 + i + 26. Let o be c(0). Suppose 12*l - o = -l. Suppose 7*j = l*j + 935. What is the highest common factor of 17 and j?
17
Suppose 3*k - 274 = 176. Let p = 31 + 69. Calculate the greatest common divisor of k and p.
50
Suppose 120 = 13*l - 140. Calculate the greatest common divisor of 7760 and l.
20
Suppose -22 = -4*k + 70. Suppose 15*u + k*u = 456. What is the greatest common divisor of u and 564?
12
Let j(i) be the third derivative of 7*i**6/120 + i**5/30 - i**4/8 + 7*i**3/6 - 67*i**2. Let d be j(2). What is the highest common factor of 26 and d?
13
Let m be (241 - 3 - -3) + 6. What is the greatest common factor of m and 7163?
247
Let l = -193421 + 193720. Let k be ((-3)/(-3))/((-2)/(-26)). Calculate the highest common factor of k and l.
13
Let u = -150 + 155. Let d be (-5)/(5/(u - 30)). What is the greatest common divisor of d and 75?
25
Let q(r) = r**3 + 23*r**2 + 80*r + 22. Let l be q(-14). Calculate the greatest common divisor of l and 18.
18
Let c be 129 + 4 + (-3 - 2) + 5. What is the greatest common factor of c and 1406?
19
Let t(v) = 25*v**2 - 20*v - 44. Let g be t(13). Let w be g/27 + (-24)/108. Calculate the greatest common divisor of 29 and w.
29
Suppose -4*t = -3 - 21. Let s = -10 + 10. Suppose -2*x - 5*n = -8, s = 4*x - t*n + 2*n - 44. What is the greatest common divisor of x and 36?
9
Let r(j) = 6*j. Let k(q) = -17*q. Let o = -58 + 50. Let c(p) = o*r(p) - 3*k(p). Let i be c(7). Calculate the greatest common factor of i and 14.
7
Let c(r) = 129 - 218 - 13*r + 127 - r**2. Let z be c(-16). Let b(g) = 2*g**2 + 15*g + 25. Let w be b(z). What is the highest common divisor of w and 30?
15
Let x = 49 + -16. Let v(u) = 5*u - u - x + 5*u - 2*u. Let m be v(6). Calculate the highest common divisor of m and 9.
9
Suppose 61 - 411 = 5*k. Let u be 28/k + (-126)/(-15). Calculate the highest common divisor of u and 160.
8
Let g = 140211 + -140170. Let x(l) = 13*l + 2. Let n be x(3). Calculate the highest common factor of n and g.
41
Suppose 4*c + 24 = -2*w + 4*w, 5*w - 3*c - 88 = 0. Let s = -27 - -22. Let n(r) = r**2 + 5*r + 5. Let d be n(s). What is the greatest common divisor of w and d?
5
Let l(d) be the third derivative of 71*d**4/24 - 221*d**3/6 + 79*d**2 + d. Let w be l(4). Calculate the highest common divisor of 28 and w.
7
Let v = -10712 + 10724. Calculate the greatest common factor of v and 88.
4
Let a = 33 - 36. Let c be ((-34)/(-3))/((-2)/a). Let i(q) = -8*q + 4. Let g be i(-8). Calculate the highest common divisor of g and c.
17
Suppose 4*w - 26 = -q, w - 6*w + 5 = 0. Let r be 62/q - 3 - (-464)/11. Let s(u) = -u + 2. Let j be s(-4). What is the highest common factor of j and r?
6
Let c(h) = -759*h + 11658. Let p be c(14). Calculate the greatest common divisor of 48 and p.
24
Let x = -203 + 179. Let h be ((-50)/(-8))/((-6)/x). Calculate the greatest common divisor of 25 and h.
25
Suppose -608*v = -624*v - 644 + 2436. Calculate the greatest common divisor of v and 1456.
112
Let h(d) = d**2 - 3*d - 14. Suppose 6 = 3*j - 4*j. Let o be h(j). Suppose 33*v = 32*v + o. What is the greatest common divisor of v and 280?
40
Let g(x) = 6*x**2 - 3*x. Let n be g(2). Let a(o) = -3 - 9*o**2 - 14 + 4*o - 10 + 3*o**3 - 2*o**3. Let c be a(9). What is the highest common divisor of c and n?
9
Let n be (-11)/(-13) - ((-192)/104)/12. Let h be 0/n - (-123 + 9/3). What is the greatest common divisor of h and 90?
30
Let s = -239 - -241. Suppose s = b, 28*b - 26*b = 2*a - 116. What is the greatest common factor of 24 and a?
12
Suppose 122*r - 417*r = -5885840. Calculate the greatest common divisor of 24 and r.
8
Suppose 3*t + 2*w - 54 = 0, -t + 6*w - 3*w = -18. Let l be (-8)/20 - (2 - (-948)/(-20)). What is the highest common divisor of l and t?
9
Let g(p) = -17 + 1 + 90*p - 92*p + p**2. Let z be g(-5). What is the greatest common factor of 133 and z?
19
Let k = -491 + 886. Calculate the greatest common divisor of 711 and k.
79
Suppose 217 = 4*x + l, -l - 349 = 2*x - 456. Suppose 0 = -6*i - 7*i + 2145. Calculate the greatest common divisor of x and i.
55
Suppose -2723*s + 2698*s + 102638 = -224887. What is the greatest common factor of s and 33?
33
Let d be ((-200016)/792)/((-4)/132). What is the highest common divisor of d and 144?
18
Let q be 1 + 0 + -10*1. Let x = -17 - q. Let c be (-172)/(-14) - x/(-28). Calculate the greatest common divisor of 6 and c.
6
Suppose 0 = -v + 127 - 103. What is the highest common factor of 6936 and v?
24
Suppose 0 = 69*r - 61*r + 2120. Let n = 373 + r. Calculate the highest common factor of 8 and n.
4
Suppose 4 - 